{"id":2,"date":"2012-04-12T12:08:11","date_gmt":"2012-04-12T12:08:11","guid":{"rendered":"http:\/\/krzysztof-kuc.info\/?page_id=2"},"modified":"2012-10-02T12:16:14","modified_gmt":"2012-10-02T10:16:14","slug":"sample-page","status":"publish","type":"page","link":"https:\/\/krzysztof-kuc.info\/?page_id=2","title":{"rendered":"Poszkodowani"},"content":{"rendered":"<div><\/div>\n<ul>\n<li>Sprawa DS\u00a0VII K 402\/12\u00a0Prokuratura Rejonowa w Bia\u0142ymstoku.\u00a0(Wy\u0142udzenia na Allegro). <strong><span style=\"color: #ff0000;\">Sprawa w toku !<\/span><\/strong><\/li>\n<\/ul>\n<ol>\n<li>Adam S<span style=\"color: #ffffff;\">.<\/span>\u00a0&#8211; kwota: <strong>6 600 z\u0142<\/strong> (wy\u0142udzenie na Allegro)<\/li>\n<li>Mariusz S<span style=\"color: #ffffff;\">.<\/span>\u00a0&#8211; kwota: <strong>6 600 z\u0142\u00a0<\/strong>(wy\u0142udzenie na Allegro)<\/li>\n<li>Mi\u0142osz W<span style=\"color: #ffffff;\">.<\/span>\u00a0&#8211; kwota: <strong>6 600 z\u0142<\/strong>\u00a0(wy\u0142udzenie na Allegro)<\/li>\n<li>Kamil S.\u00a0&#8211; kwota: <strong>10 500 z\u0142<\/strong>\u00a0(wy\u0142udzenie na Allegro)<\/li>\n<li>\u0141ukasz P<span style=\"color: #ffffff;\">.<\/span>\u00a0&#8211; kwota: <strong>12 650z\u0142\u00a0<\/strong>(wy\u0142udzenie na Allegro)<\/li>\n<li>\u0141ukasz G<span style=\"color: #ffffff;\">.<\/span>\u00a0&#8211; kwota: <strong>6 600 z\u0142<\/strong>\u00a0(wy\u0142udzenie na Allegro)<\/li>\n<li>\u0141ukasz S<span style=\"color: #ffffff;\">.<\/span>\u00a0&#8211; kwota: ok. <strong>6 600 z\u0142 ?<\/strong><\/li>\n<li>Damian Z<span style=\"color: #ffffff;\">.<\/span>\u00a0&#8211; kwota:\u00a0<strong>6 600\u00a0z\u0142\u00a0<\/strong>(wy\u0142udzenie na Allegro)<\/li>\n<li>Jakub M<span style=\"color: #ffffff;\">.<\/span>\u00a0&#8211; kwota:<strong> 6 400<\/strong> <strong>z\u0142<\/strong>\u00a0(wy\u0142udzenie na Allegro)<\/li>\n<li>Olgierd M<span style=\"color: #ffffff;\">.<\/span>\u00a0&#8211; kwota: <strong>10 200 z\u0142<\/strong>\u00a0(wy\u0142udzenie na Allegro)<\/li>\n<li>Pawe\u0142 B.<span style=\"color: #ffffff;\">\u00a0<\/span>&#8211; kwota: <strong>11 150<\/strong> <strong>z\u0142\u00a0<\/strong>(wy\u0142udzenie na Allegro)<\/li>\n<li>Tomasz O<span style=\"color: #ffffff;\">.<\/span>\u00a0&#8211; kwota: <strong>6 600<\/strong> <strong>z\u0142\u00a0<\/strong>(wy\u0142udzenie na Allegro)<\/li>\n<li>Miko\u0142aj P<span style=\"color: #ffffff;\">.<\/span>\u00a0&#8211; kwota: <strong>6 600 z\u0142\u00a0<\/strong>(wy\u0142udzenie na Allegro)<\/li>\n<li>Maciej Jan Z<span style=\"color: #ffffff;\">.<\/span>\u00a0&#8211; kwota:\u00a0<strong>6 600\u00a0z\u0142\u00a0<\/strong>(wy\u0142udzenie na Allegro)<\/li>\n<li>Tomasz P<span style=\"color: #ffffff;\">.<\/span>\u00a0&#8211; kwota:\u00a0<strong>6 600\u00a0z\u0142\u00a0<\/strong>(wy\u0142udzenie na Allegro)<\/li>\n<li>Stanis\u0142aw R<span style=\"color: #ffffff;\">.<\/span>\u00a0&#8211; kwota:\u00a0<strong>10 600 z\u0142\u00a0<\/strong>(wy\u0142udzenie na Allegro)<\/li>\n<li>Zbigniew N<span style=\"color: #ffffff;\">.<\/span>\u00a0&#8211; kwota:\u00a0<strong>3 730 z\u0142\u00a0<\/strong>(wy\u0142udzenie na Allegro)<\/li>\n<li>Jacek S<span style=\"color: #ffffff;\">.<\/span>\u00a0&#8211; kwota:\u00a0<strong>4 330 z\u0142\u00a0<\/strong>(wy\u0142udzenie na Allegro)<\/li>\n<li>Dariusz Leszek P<span style=\"color: #ffffff;\">.<\/span>\u00a0&#8211; kwota:\u00a0<strong>6 600\u00a0z\u0142\u00a0<\/strong>(wy\u0142udzenie na Allegro)<\/li>\n<li>Jan Artur S<span style=\"color: #ffffff;\">.<\/span>\u00a0&#8211; kwota:<strong> 9 600\u00a0z\u0142\u00a0<\/strong>(wy\u0142udzenie na Allegro)<\/li>\n<li>S\u0142awomir S<span style=\"color: #ffffff;\">.<\/span>\u00a0&#8211; kwota:\u00a0<strong>6 600\u00a0z\u0142\u00a0<\/strong>(wy\u0142udzenie na Allegro)<\/li>\n<li>Monika B.\u00a0&#8211; kwota:\u00a0<strong>6 730\u00a0z\u0142\u00a0<\/strong>(wy\u0142udzenie na Allegro)<\/li>\n<\/ol>\n<div style=\"text-align: justify;\">Nie dysponujemy pe\u0142n\u0105 lista os\u00f3b pokrzywdzonych w tej sprawie. Wszystkich poszkodowanych prosimy o kontakt i przys\u0142anie kr\u00f3tkiego opisu pa\u0144stwa historii. Zamieszczenie ich pomo\u017ce lepiej pozna\u0107 mechanizmy dzia\u0142ania oszusta i uchroni inne osoby przed problemami.<\/div>\n<div><\/div>\n<ul>\n<li>Sprawa DS 191\/11 (wy\u0142udzenia i oszustwa)<\/li>\n<\/ul>\n<ol>\n<li>Klaudia D.\u00a0&#8211; kwota:\u00a0<strong>8 000. z\u0142<\/strong><\/li>\n<li>Andrzej J.\u00a0&#8211; kwota:\u00a0ok <strong>100 000 z\u0142<\/strong><\/li>\n<\/ol>\n<ul>\n<li>Inne osoby poszkodowane:<\/li>\n<\/ul>\n<ol>\n<li>Piotr <span style=\"color: #000000;\">K<\/span><span><span style=\"color: #ffffff;\">.<\/span><\/span>\u00a0&#8211; kwota:\u00a0<strong>5 000. z\u0142<\/strong><\/li>\n<li>Marek C<span style=\"color: #ffffff;\">.<\/span>\u00a0&#8211; kwota:\u00a0ponad <strong>200 000tys. z\u0142<\/strong><\/li>\n<li>Tomasz C.<span style=\"color: #ffffff;\">.<\/span>&#8211; kwota:\u00a0ponad <strong>100 000 tys. zl<\/strong><\/li>\n<li>Grzegorz C.<span style=\"color: #ffffff;\">.<\/span>&#8211; kwota:\u00a0<strong>ponad 30 000 tys. z\u0142<\/strong><\/li>\n<li>Adrian ? &#8211; kwota nieznana.<\/li>\n<\/ol>\n<ul>\n<li>Sprawa wy\u0142udzenia znacznej kwoty za nieruchomo\u015b\u0107.<\/li>\n<\/ul>\n<p style=\"padding-left: 30px;\">Przest\u0119pstwo mia\u0142o miejsce w okresie, gdy Kuc pracowa\u0142 w agencji obrotu nieruchomo\u015bciami &#8222;PANORAMA&#8221;<\/p>\n<table>\n<tbody>\n<tr>\n<td colspan=\"2\">\n<h1><a href=\"http:\/\/panoramafirm.pl\/podlaskie,,bia%C5%82ystok,bia%C5%82ystok,%C5%9Bw._rocha,5\/panorama_s.c._krzysztof_kuc_przemyslaw_karczewski-ajlhww_aug.html#tab\">&#8222;Panorama&#8221; S.C. Krzysztof Kuc [wsp\u00f3lnik]<\/a><\/h1>\n<\/td>\n<\/tr>\n<\/tbody>\n<\/table>\n<p>Brak \u00a0dok\u0142adnych danych odno\u015bnie tej sprawy. Wiadomo tylko, \u017ce w jej wyniku na rzecz strony pokrzywdzonej zaj\u0119te zosta\u0142o nale\u017c\u0105ce do Kuca mieszkanie (w kt\u00f3rym jest nadal zameldowany, bo nowi\u00a0w\u0142a\u015bciciele\u00a0nie s\u0105 w stanie go zgodnie z prawem wymeldowa\u0107!).<\/p>\n<p>&nbsp;<\/p>\n","protected":false},"excerpt":{"rendered":"<p>Sprawa DS\u00a0VII K 402\/12\u00a0Prokuratura Rejonowa w Bia\u0142ymstoku.\u00a0(Wy\u0142udzenia na Allegro). Sprawa w toku ! Adam S.\u00a0&#8211; kwota: 6 600 z\u0142 (wy\u0142udzenie na Allegro) Mariusz S.\u00a0&#8211; kwota: 6 600 z\u0142\u00a0(wy\u0142udzenie na Allegro) Mi\u0142osz W.\u00a0&#8211; kwota: 6 600 z\u0142\u00a0(wy\u0142udzenie na Allegro) Kamil S.\u00a0&#8211; &hellip; <a href=\"https:\/\/krzysztof-kuc.info\/?page_id=2\">Czytaj dalej <span class=\"meta-nav\">&rarr;<\/span><\/a><\/p>\n","protected":false},"author":1,"featured_media":0,"parent":0,"menu_order":0,"comment_status":"open","ping_status":"open","template":"","meta":{"footnotes":""},"class_list":["post-2","page","type-page","status-publish","hentry"],"_links":{"self":[{"href":"https:\/\/krzysztof-kuc.info\/index.php?rest_route=\/wp\/v2\/pages\/2"}],"collection":[{"href":"https:\/\/krzysztof-kuc.info\/index.php?rest_route=\/wp\/v2\/pages"}],"about":[{"href":"https:\/\/krzysztof-kuc.info\/index.php?rest_route=\/wp\/v2\/types\/page"}],"author":[{"embeddable":true,"href":"https:\/\/krzysztof-kuc.info\/index.php?rest_route=\/wp\/v2\/users\/1"}],"replies":[{"embeddable":true,"href":"https:\/\/krzysztof-kuc.info\/index.php?rest_route=%2Fwp%2Fv2%2Fcomments&post=2"}],"version-history":[{"count":20,"href":"https:\/\/krzysztof-kuc.info\/index.php?rest_route=\/wp\/v2\/pages\/2\/revisions"}],"predecessor-version":[{"id":14,"href":"https:\/\/krzysztof-kuc.info\/index.php?rest_route=\/wp\/v2\/pages\/2\/revisions\/14"}],"wp:attachment":[{"href":"https:\/\/krzysztof-kuc.info\/index.php?rest_route=%2Fwp%2Fv2%2Fmedia&parent=2"}],"curies":[{"name":"wp","href":"https:\/\/api.w.org\/{rel}","templated":true}]}}